{"id":861,"date":"2017-08-10T17:29:18","date_gmt":"2017-08-10T15:29:18","guid":{"rendered":"http:\/\/arzttermine-inhalt.atweb.arzttermine.de\/?page_id=861"},"modified":"2017-10-05T12:46:37","modified_gmt":"2017-10-05T10:46:37","slug":"faq","status":"publish","type":"page","link":"https:\/\/www.arzttermine.de\/s\/faq\/","title":{"rendered":"FAQ"},"content":{"rendered":"<p>[vc_section][vc_row][vc_column][vc_column_text]<\/p>\n<h1 style=\"text-align: center;\">FAQ<\/h1>\n<p>[\/vc_column_text][\/vc_column][\/vc_row][vc_row][vc_column][vc_separator css=&#8220;.vc_custom_1501578383424{padding-top: 15px !important;padding-bottom: 30px !important;}&#8220;][\/vc_column][\/vc_row][\/vc_section][vc_row][vc_column width=&#8220;1\/2&#8243;]\n\t\t\t<a href=\"\/s\/faq\/fuer-aerzte\" class=\" block\">\n\t\t\t    <div class=\"feature boxed boxed--border border--round text-center\">\n\t\t\t        <i class=\"icon--lg icon-Stethoscope\"><\/i><span class=\"h5 color--primary\">FAQ f\u00fcr \u00c4rzte<\/span>\n\t\t\t    <\/div>\n\t\t\t<\/a>\n\t\t[\/vc_column][vc_column width=&#8220;1\/2&#8243;]\n\t\t\t<a href=\"\/s\/faq\/fuer-patienten\" class=\" block\">\n\t\t\t    <div class=\"feature boxed boxed--border border--round text-center\">\n\t\t\t        <i class=\"icon--lg icon-Business-ManWoman\"><\/i><span class=\"h5 color--primary\">FAQ f\u00fcr Patienten<\/span>\n\t\t\t    <\/div>\n\t\t\t<\/a>\n\t\t[\/vc_column][\/vc_row][vc_row][vc_column][vc_empty_space height=&#8220;100px&#8220;][\/vc_column][\/vc_row]<\/p>\n","protected":false},"excerpt":{"rendered":"<p>[vc_section][vc_row][vc_column][vc_column_text] FAQ [\/vc_column_text][\/vc_column][\/vc_row][vc_row][vc_column][vc_separator css=&#8220;.vc_custom_1501578383424{padding-top: 15px !important;padding-bottom: 30px !important;}&#8220;][\/vc_column][\/vc_row][\/vc_section][vc_row][vc_column width=&#8220;1\/2&#8243;][\/vc_column][vc_column width=&#8220;1\/2&#8243;][\/vc_column][\/vc_row][vc_row][vc_column][vc_empty_space height=&#8220;100px&#8220;][\/vc_column][\/vc_row]<\/p>\n","protected":false},"author":1,"featured_media":0,"parent":0,"menu_order":0,"comment_status":"closed","ping_status":"closed","template":"","meta":{"inline_featured_image":false,"footnotes":""},"yoast_head":"<!-- This site is optimized with the Yoast SEO plugin v19.7.2 - https:\/\/yoast.com\/wordpress\/plugins\/seo\/ -->\n<title>FAQ f\u00fcr Patienten und \u00c4rzte | Arzttermine.de<\/title>\n<meta name=\"description\" content=\"Finden Sie Antworten zu h\u00e4ufig gestellten Fragen zu unseren Produkten und unserem Patientenservice. W\u00e4hlen Sie unter folgendem\" \/>\n<meta name=\"robots\" content=\"index, follow, max-snippet:-1, max-image-preview:large, max-video-preview:-1\" \/>\n<link rel=\"canonical\" href=\"https:\/\/www.arzttermine.de\/s\/faq\/\" \/>\n<meta property=\"og:locale\" content=\"de_DE\" \/>\n<meta property=\"og:type\" content=\"article\" \/>\n<meta property=\"og:title\" content=\"FAQ f\u00fcr Patienten und \u00c4rzte | Arzttermine.de\" \/>\n<meta property=\"og:description\" content=\"Finden Sie Antworten zu h\u00e4ufig gestellten Fragen zu unseren Produkten und unserem Patientenservice. W\u00e4hlen Sie unter folgendem\" \/>\n<meta property=\"og:url\" content=\"https:\/\/www.arzttermine.de\/s\/faq\/\" \/>\n<meta property=\"og:site_name\" content=\"Arzttermine.de\" \/>\n<meta property=\"article:modified_time\" content=\"2017-10-05T10:46:37+00:00\" \/>\n<meta name=\"twitter:card\" content=\"summary\" \/>\n<meta name=\"twitter:label1\" content=\"Gesch\u00e4tzte Lesezeit\" \/>\n\t<meta name=\"twitter:data1\" content=\"1\u00a0Minute\" \/>\n<script type=\"application\/ld+json\" class=\"yoast-schema-graph\">{\"@context\":\"https:\/\/schema.org\",\"@graph\":[{\"@type\":\"WebPage\",\"@id\":\"https:\/\/www.arzttermine.de\/s\/faq\/\",\"url\":\"https:\/\/www.arzttermine.de\/s\/faq\/\",\"name\":\"FAQ f\u00fcr Patienten und \u00c4rzte | Arzttermine.de\",\"isPartOf\":{\"@id\":\"https:\/\/www.arzttermine.de\/s\/#website\"},\"datePublished\":\"2017-08-10T15:29:18+00:00\",\"dateModified\":\"2017-10-05T10:46:37+00:00\",\"description\":\"Finden Sie Antworten zu h\u00e4ufig gestellten Fragen zu unseren Produkten und unserem Patientenservice. W\u00e4hlen Sie unter folgendem\",\"breadcrumb\":{\"@id\":\"https:\/\/www.arzttermine.de\/s\/faq\/#breadcrumb\"},\"inLanguage\":\"de\",\"potentialAction\":[{\"@type\":\"ReadAction\",\"target\":[\"https:\/\/www.arzttermine.de\/s\/faq\/\"]}]},{\"@type\":\"BreadcrumbList\",\"@id\":\"https:\/\/www.arzttermine.de\/s\/faq\/#breadcrumb\",\"itemListElement\":[{\"@type\":\"ListItem\",\"position\":1,\"name\":\"Startseite\",\"item\":\"https:\/\/www.arzttermine.de\/s\/\"},{\"@type\":\"ListItem\",\"position\":2,\"name\":\"FAQ\"}]},{\"@type\":\"WebSite\",\"@id\":\"https:\/\/www.arzttermine.de\/s\/#website\",\"url\":\"https:\/\/www.arzttermine.de\/s\/\",\"name\":\"Arzttermine.de\",\"description\":\"\",\"potentialAction\":[{\"@type\":\"SearchAction\",\"target\":{\"@type\":\"EntryPoint\",\"urlTemplate\":\"https:\/\/www.arzttermine.de\/s\/?s={search_term_string}\"},\"query-input\":\"required name=search_term_string\"}],\"inLanguage\":\"de\"}]}<\/script>\n<!-- \/ Yoast SEO plugin. -->","yoast_head_json":{"title":"FAQ f\u00fcr Patienten und \u00c4rzte | Arzttermine.de","description":"Finden Sie Antworten zu h\u00e4ufig gestellten Fragen zu unseren Produkten und unserem Patientenservice. W\u00e4hlen Sie unter folgendem","robots":{"index":"index","follow":"follow","max-snippet":"max-snippet:-1","max-image-preview":"max-image-preview:large","max-video-preview":"max-video-preview:-1"},"canonical":"https:\/\/www.arzttermine.de\/s\/faq\/","og_locale":"de_DE","og_type":"article","og_title":"FAQ f\u00fcr Patienten und \u00c4rzte | Arzttermine.de","og_description":"Finden Sie Antworten zu h\u00e4ufig gestellten Fragen zu unseren Produkten und unserem Patientenservice. W\u00e4hlen Sie unter folgendem","og_url":"https:\/\/www.arzttermine.de\/s\/faq\/","og_site_name":"Arzttermine.de","article_modified_time":"2017-10-05T10:46:37+00:00","twitter_card":"summary","twitter_misc":{"Gesch\u00e4tzte Lesezeit":"1\u00a0Minute"},"schema":{"@context":"https:\/\/schema.org","@graph":[{"@type":"WebPage","@id":"https:\/\/www.arzttermine.de\/s\/faq\/","url":"https:\/\/www.arzttermine.de\/s\/faq\/","name":"FAQ f\u00fcr Patienten und \u00c4rzte | Arzttermine.de","isPartOf":{"@id":"https:\/\/www.arzttermine.de\/s\/#website"},"datePublished":"2017-08-10T15:29:18+00:00","dateModified":"2017-10-05T10:46:37+00:00","description":"Finden Sie Antworten zu h\u00e4ufig gestellten Fragen zu unseren Produkten und unserem Patientenservice. W\u00e4hlen Sie unter folgendem","breadcrumb":{"@id":"https:\/\/www.arzttermine.de\/s\/faq\/#breadcrumb"},"inLanguage":"de","potentialAction":[{"@type":"ReadAction","target":["https:\/\/www.arzttermine.de\/s\/faq\/"]}]},{"@type":"BreadcrumbList","@id":"https:\/\/www.arzttermine.de\/s\/faq\/#breadcrumb","itemListElement":[{"@type":"ListItem","position":1,"name":"Startseite","item":"https:\/\/www.arzttermine.de\/s\/"},{"@type":"ListItem","position":2,"name":"FAQ"}]},{"@type":"WebSite","@id":"https:\/\/www.arzttermine.de\/s\/#website","url":"https:\/\/www.arzttermine.de\/s\/","name":"Arzttermine.de","description":"","potentialAction":[{"@type":"SearchAction","target":{"@type":"EntryPoint","urlTemplate":"https:\/\/www.arzttermine.de\/s\/?s={search_term_string}"},"query-input":"required name=search_term_string"}],"inLanguage":"de"}]}},"_links":{"self":[{"href":"https:\/\/www.arzttermine.de\/s\/wp-json\/wp\/v2\/pages\/861"}],"collection":[{"href":"https:\/\/www.arzttermine.de\/s\/wp-json\/wp\/v2\/pages"}],"about":[{"href":"https:\/\/www.arzttermine.de\/s\/wp-json\/wp\/v2\/types\/page"}],"author":[{"embeddable":true,"href":"https:\/\/www.arzttermine.de\/s\/wp-json\/wp\/v2\/users\/1"}],"replies":[{"embeddable":true,"href":"https:\/\/www.arzttermine.de\/s\/wp-json\/wp\/v2\/comments?post=861"}],"version-history":[{"count":34,"href":"https:\/\/www.arzttermine.de\/s\/wp-json\/wp\/v2\/pages\/861\/revisions"}],"predecessor-version":[{"id":2322,"href":"https:\/\/www.arzttermine.de\/s\/wp-json\/wp\/v2\/pages\/861\/revisions\/2322"}],"wp:attachment":[{"href":"https:\/\/www.arzttermine.de\/s\/wp-json\/wp\/v2\/media?parent=861"}],"curies":[{"name":"wp","href":"https:\/\/api.w.org\/{rel}","templated":true}]}}